{"id":137,"date":"2012-05-28T09:46:41","date_gmt":"2012-05-28T09:46:41","guid":{"rendered":"http:\/\/gjertrudvennene.isay.no\/?page_id=137"},"modified":"2018-03-16T14:57:38","modified_gmt":"2018-03-16T14:57:38","slug":"kontakt","status":"publish","type":"page","link":"http:\/\/gjertrudvennene.isay.no\/?page_id=137","title":{"rendered":"Kontakt"},"content":{"rendered":"<p><strong>Kontakt<\/strong><\/p>\n<p><strong>Kontakt med styret i <\/strong><em>GV Norge\u00a0<\/em>foreg\u00e5r per e-post. V\u00e6r imidlertid oppmerksom p\u00e5 at <em>Gjertrudvennene<\/em> ikke har et profesjonelt, daglig sekretariat. V\u00e6r derfor t\u00e5lmodig hvis du sender en e-mail.<\/p>\n<p>&nbsp;<\/p>\n<p><strong>Til media:<\/strong><\/p>\n<p>Kontakt oss p\u00e5 e-post. Av kapasitetshensyn benyttes ikke telefon. Vi erfarer at media gjerne \u00f8nsker rask telefonkontakt, helst p\u00e5 sekundet, men vi ber om \u00e5 motta en e-post med grundig informasjon om hva intervjuet gjelder, hvem som skal gj\u00f8re det, n\u00e5r osv. Vi vil bidra s\u00e5 godt vi kan.<\/p><script type=\"text\/javascript\"><!--\r\ngoogle_ad_client = \"ca-pub-6441968085281526\";\r\n\/* Annonser p\u00e5 gamle blogger liten *\/\r\ngoogle_ad_slot = \"5387826424\";\r\ngoogle_ad_width = 468;\r\ngoogle_ad_height = 60;\r\n\/\/-->\r\n<\/script>\r\n<script type=\"text\/javascript\"\r\nsrc=\"http:\/\/pagead2.googlesyndication.com\/pagead\/show_ads.js\">\r\n<\/script>\n<p>Vi \u00f8nsker imidlertid ikke \u00e5 bidra til personeksponerte oppslag, men vil gjerne bidra overfor medier som \u00f8nsker \u00e5 formidle noe om temaet \u201cGravferder uten ansvarlig p\u00e5r\u00f8rende\u201d. Medier \u00f8nsker oftest \u00e5 sp\u00f8rre om \u00e5 bli med oss i en gravferd, men slike avtaler g\u00e5r vi ikke inn p\u00e5. Vi mener at det bryter med v\u00e5r intensjon om diskret tilstedev\u00e6relse.<\/p>\n<p>Vi \u00f8nsker \u00e5 bidra hvis\u00a0det kan skape st\u00f8rre \u00e5penhet rundt gravferder uten ansvarlig p\u00e5pr\u00f8rende og\u00a0d\u00f8den.<\/p>\n<p>E-post:\u00a0<a href=\"mailto:gjertrudvennene@hotmail.no\">gjertrudvennene@hotmail.no<\/a><\/p>\n<p>&nbsp;<\/p>\n<p><a href=\"http:\/\/gjertrudvennene.isay.no\/files\/2012\/05\/T\u00e5ke-veien.jpg\"><img loading=\"lazy\" class=\"aligncenter size-medium wp-image-138\" title=\"\" src=\"http:\/\/gjertrudvennene.isay.no\/files\/2012\/05\/T\u00e5ke-veien-300x199.jpg\" alt=\"\" width=\"300\" height=\"199\" srcset=\"http:\/\/gjertrudvennene.isay.no\/files\/2012\/05\/T\u00e5ke-veien-300x199.jpg 300w, http:\/\/gjertrudvennene.isay.no\/files\/2012\/05\/T\u00e5ke-veien-1024x680.jpg 1024w, http:\/\/gjertrudvennene.isay.no\/files\/2012\/05\/T\u00e5ke-veien.jpg 1200w\" sizes=\"(max-width: 300px) 100vw, 300px\" \/><\/a><\/p>\n","protected":false},"excerpt":{"rendered":"<p>Kontakt Kontakt med styret i GV Norge\u00a0foreg\u00e5r per e-post. V\u00e6r imidlertid oppmerksom p\u00e5 at Gjertrudvennene ikke har et profesjonelt, daglig sekretariat. V\u00e6r derfor t\u00e5lmodig hvis du sender en e-mail. &nbsp; Til media: Kontakt oss p\u00e5 e-post. Av kapasitetshensyn benyttes ikke telefon. Vi erfarer at media gjerne \u00f8nsker rask telefonkontakt, helst p\u00e5 sekundet, men vi ber [&hellip;]<\/p>\n","protected":false},"author":1880,"featured_media":0,"parent":0,"menu_order":0,"comment_status":"open","ping_status":"open","template":"","meta":[],"_links":{"self":[{"href":"http:\/\/gjertrudvennene.isay.no\/index.php?rest_route=\/wp\/v2\/pages\/137"}],"collection":[{"href":"http:\/\/gjertrudvennene.isay.no\/index.php?rest_route=\/wp\/v2\/pages"}],"about":[{"href":"http:\/\/gjertrudvennene.isay.no\/index.php?rest_route=\/wp\/v2\/types\/page"}],"author":[{"embeddable":true,"href":"http:\/\/gjertrudvennene.isay.no\/index.php?rest_route=\/wp\/v2\/users\/1880"}],"replies":[{"embeddable":true,"href":"http:\/\/gjertrudvennene.isay.no\/index.php?rest_route=%2Fwp%2Fv2%2Fcomments&post=137"}],"version-history":[{"count":21,"href":"http:\/\/gjertrudvennene.isay.no\/index.php?rest_route=\/wp\/v2\/pages\/137\/revisions"}],"predecessor-version":[{"id":813,"href":"http:\/\/gjertrudvennene.isay.no\/index.php?rest_route=\/wp\/v2\/pages\/137\/revisions\/813"}],"wp:attachment":[{"href":"http:\/\/gjertrudvennene.isay.no\/index.php?rest_route=%2Fwp%2Fv2%2Fmedia&parent=137"}],"curies":[{"name":"wp","href":"https:\/\/api.w.org\/{rel}","templated":true}]}}