{"id":143,"date":"2012-05-28T09:54:35","date_gmt":"2012-05-28T09:54:35","guid":{"rendered":"http:\/\/gjertrudvennene.isay.no\/?page_id=143"},"modified":"2018-05-19T10:49:19","modified_gmt":"2018-05-19T10:49:19","slug":"lokalgruppene","status":"publish","type":"page","link":"http:\/\/gjertrudvennene.isay.no\/?page_id=143","title":{"rendered":"Lokalgrupper og Stedskontakter"},"content":{"rendered":"<p><strong>Vil du v\u00e6re en Gjertrudvenn?<\/strong><\/p>\n<p>Vi \u00f8nsker oss aktive og passive Gjertrudvenner over hele landet, men sp\u00f8rsm\u00e5let er: Hvilken tilknytting \u00f8nsker du \u00e5 ha?<\/p>\n<p>A) Man regnes som \u00abpassiv\u00bb (men like fullt viktig) Gjertrudvenn n\u00e5r man f\u00f8lger p\u00e5 Facebook<\/p>\n<p>B) Man kan n\u00e5 (nytt i mai 2018) bli Stedskontakt<\/p>\n<p>C) Man kan v\u00e6re med i en aktiv lokalgruppe\/eventuelt bli Kontaktperson for denne<\/p>\n<p>Vi \u00f8nsker \u00e5 utvide nettverket v\u00e5rt og etablerer n\u00e5 noe som kalles Stedskontakt. Vi har erfart at det kan v\u00e6re nyttig med et skille mellom <strong>Stedskontakt<\/strong> og <strong>Kontaktperson for en gruppe<\/strong>, og her vil vi forklare litt om denne \u00abomorganiseringen\u00bb.<\/p>\n<p>&nbsp;<\/p>\n<p><strong>\u00c5 v\u00e6re Stedskontakt<\/strong><\/p>\n<p>P\u00e5 mindre steder og i sm\u00e5byer er det sjelden gravferder uten ansvarlig p\u00e5r\u00f8rende, men ogs\u00e5 her \u00f8nsker vi \u00e5 ha Gjertrudvenner. Vi s\u00f8ker derfor etter personer som \u00f8nsker \u00e5 v\u00e6re Stedskontakt p\u00e5 sitt sted \u2013 stort eller lite. En slik oppgave krever lite. Da er du en ressurs, som kan delta den dagen behovet m\u00e5tte melde seg, den dagen vi eller du blir kontaktet av noen i ditt omr\u00e5de. Da vil vi kunne oppgi ditt navn og epostadresse til ev. prest, kirkekontor, p\u00e5r\u00f8rende. Men i utgangspunktet er ditt virke av \u00absovende\u00bb karakter.<\/p>\n<p>Du kan v\u00e6re Stedskontakt i en sm\u00e5by eller en liten bygd. Det spesielle med Stedskontakt, er jo at det ikke fordrer at du selv gj\u00f8r en aktiv innsats overfor lokale etater, kirkekontor osv.<\/p>\n<p>&nbsp;<\/p>\n<p><strong>\u00c5 v\u00e6re aktivt med i en gruppe<\/strong><\/p>\n<p>Dette er for de som \u00f8nsker \u00e5 etablere eller delta i en aktiv gruppe. Oppgaven som leder\/kontaktperson for gruppen fordrer at man er interessert i aktivt \u00e5 ta kontakt med etater; kirkekontor, prester, byr\u00e5 osv. for \u00e5 etablere en kontakt\/samarbeid med disse. En gruppe b\u00f8r best\u00e5 av rundt tre Gjertrudvenner, men man kan ogs\u00e5 utgj\u00f8re en gruppe alene \u2013 hvis man m\u00e5tte \u00f8nske det \u2013 for eksempel i starten. Det \u00e5 v\u00e6re kontaktperson fordrer at man s\u00f8rger for \u00e5 ha et m\u00f8te med den ansvarlige for gravferder i kommunen, slik at det kan etableres et samarbeid.<\/p>\n<p>Er du Kontaktperson, m\u00e5 vi ogs\u00e5 kunne formidle ditt navn og kontaktinfo til offentligheten. Navn p\u00e5 deltakere i lokalgrupper offentliggj\u00f8res ikke.<\/p>\n<p>Du kan ogs\u00e5 melde deg til \u00e5 v\u00e6re aktivt med i en gruppe, men ikke v\u00e6re Kontaktpersonen. Da er du en medarbeider for Kontaktpersonen.<\/p>\n<p>&nbsp;<\/p>\n<p><strong>Hva kreves av b\u00e5de Stedskontakter og Kontaktpersoner\/deltagere i grupper?<\/strong><\/p>\n<p>Man b\u00f8r ha fulgt Gjertrudvennene en tid og v\u00e6re sikker p\u00e5 at man har et \u00f8nske om et langvarig \u00abengasjement\u00bb, at det hele ikke er for impulsivt. S\u00e5 m\u00e5 man v\u00e6re den type person som evner \u00e5 opptre diskret, stillfarent og dannet \u2013 enten man stiller i et m\u00f8te eller deltar i en seremoni.<\/p>\n<p>&nbsp;<\/p>\n<p><strong>Hva gj\u00f8r du n\u00e5?<\/strong><\/p>\n<p>Uansett hva du m\u00e5tte velge, s\u00e5 send oss en epost og fortell det du m\u00e5tte \u00f8nske om deg selv, og si noe om din motivasjon for \u00e5 ville delta. Henvend deg p\u00e5 epost, ikke per Facebook-melding, for det gj\u00f8r det lettere for oss \u00e5 holde oversikten og ikke miste noen henvendelser. Har du sp\u00f8rsm\u00e5l, er du alltid velkommen til \u00e5 sende oss dette per epost.<\/p>\n<p>&nbsp;<\/p>\n<p><strong>Oslogruppen og andre lokalgrupper<\/strong><\/p><script type=\"text\/javascript\"><!--\r\ngoogle_ad_client = \"ca-pub-6441968085281526\";\r\n\/* Annonser p\u00e5 gamle blogger liten *\/\r\ngoogle_ad_slot = \"5387826424\";\r\ngoogle_ad_width = 468;\r\ngoogle_ad_height = 60;\r\n\/\/-->\r\n<\/script>\r\n<script type=\"text\/javascript\"\r\nsrc=\"http:\/\/pagead2.googlesyndication.com\/pagead\/show_ads.js\">\r\n<\/script>\n<p>M\u00e5let er at det etableres lokale og helt selvstendige\u00a0<em>Gjertrudvennene<\/em>-grupper over hele landet. Det kan opprettes en <em>GV<\/em>-gruppe overalt i Norge der det finnes \u00e9n eller flere som har interesse for tiltaket. Ikke minst i byene, der behovet er st\u00f8rst, \u00f8nsker vi oss lokalgrupper. Det finnes derfor lokalgrupper\/kontakteperson de steder noen har meldt seg.<\/p>\n<p>Den f\u00f8rste gruppen som ble opprettet, var Oslogruppen, sommeren 2013.<\/p>\n<p>Hvordan en lokalgruppe skal arbeide, m\u00e5 det v\u00e6re helt opp til de lokale deltakere \u00e5 bestemme.\u00a0 De\u00a0lokale gruppene organiserer helt og holdent seg selv, legger egne planer og f\u00f8lger opp i den grad man evner. Det vil ikke foreligge noen detaljinstruks\/fast rapporteringsplikt osv. fra styret i <em>GV Norge<\/em>.<\/p>\n<p>Styret i nettverket har ikke noe aktivt, profesjonelt sekretariat. V\u00e5r nettside, infoblogg og Facebook blir i hovedsak v\u00e5re kontaktpunkter. Styret holder imidlertid etter behov noe e-postkontakt med kontaktpersonene (og ev. andre interesserte) i de lokale gruppene. Styret i <em>GV<\/em> <em>Norge<\/em> kan alltid bidra med r\u00e5d, faktainformasjon og annen hjelp n\u00e5r en lokal <em>GV<\/em>-gruppe \u00f8nsker det.<\/p>\n<p>\u00d8nsker du \u00e5 v\u00e6re aktivt med i <em>GV<\/em>? \u00d8nsker du \u00e5 ta initiativ til \u00e5 opprette en lokalgruppe og samle flere? Da ber vi deg skrive til oss.<\/p>\n<p>&nbsp;<\/p>\n<p><strong>Oslo-gruppen<\/strong><\/p>\n<p>Det er i Oslo det arrangeres flest\u00a0 gravferder uten ansvarlig p\u00e5r\u00f8rende, rundt 100 i 2013. 105 i 2015.<\/p>\n<p>Oslogruppen er v\u00e5r f\u00f8rste og st\u00f8rste gruppe. Arbeidet her er godt\u00a0etablert og organisert. Hvis man \u00f8nsker \u00e5 v\u00e6re aktivt med i Oslogruppen, kan man henvende seg til oss p\u00e5 e-post; gjertrudvennene@hotmail.no. Per februar 2018 har vi fullbesatt gruppe.<\/p>\n<p>Hvis man \u00f8nsker \u00e5 v\u00e6re passivt st\u00f8tte\u00bbmedlem\u00bb, s\u00e5 er vi ogs\u00e5 glade for det. Man \u00abregistrerer seg\u00bb ved \u00e5 \u00ablike oss\u00bb p\u00e5 Facebook.<\/p>\n<p>I Oslo har vi to \u00abavdelinger\u00bb; Oslogruppen og Ressursgruppen. For \u00e5 delta i Oslogruppen, fordres en viss deltakelse. For tiden tas det derfor bare inn nye i Ressursgruppen. Som navnet tilsier, s\u00e5 er dette en ressurs; en gruppe som kan tilkalles ved behov. I fremtiden forventer vi at flere prester og forrettere kontakter Gjertrudvennene i forkant av gravferder med et helt spesielt behov for f\u00f8lgere. Da er det godt \u00e5 ha Gjertrudvenner parat. I Ressursgruppen deltar man alts\u00e5 ikke i de ukentlige gravferder. Kontakt gjertrudvennene@hotmail.no hvis du \u00f8nsker en prat med oss.<\/p>\n<p>De som er aktivt med i Oslogruppen, b\u00e6rer Gjertrudn\u00e5len.<\/p>\n<p>Vi erfarer at det er godt og viktig at nye\u00a0<em>Gjertrudvenner<\/em>\u00a0f\u00f8rst f\u00e5r en samtale med styret i\u00a0<em>Gjertrudvennene.<\/em>\u00a0Slike treff er veldig hyggelige og uformelle. Vi utveksler da erfaringer og snakker om hvordan det oppleves \u00e5 delta i\u00a0 gravferder uten ansvarlig p\u00e5r\u00f8rende.<\/p>\n<p>I Oslogruppen\/Ressursgruppen legger vi stor vekt p\u00e5 at personlig egnethet, ved at hver\u00a0<em>Gjertrudven<\/em>n opps\u00f8ker seremoniene p\u00e5 en sv\u00e6rt diskret m\u00e5te.<\/p>\n<p>&nbsp;<\/p>\n<p>&nbsp;<\/p>\n<p><strong>Styret i GV Norge<\/strong><\/p>\n<p>Nettverket <em>Gjertrudvennene<\/em>\u00a0er p\u00e5 landsbasis er organisert av: talsperson Snefrid Hagen, Aksel Strand, Steinar Brun , Kjell Madsen og\u00a0sekret\u00e6r Lars G. Hoel.<\/p>\n<p>All kontakt: gjertrudvennene@hotmail.no<\/p>\n<p><strong>\u00a0<\/strong><\/p>\n<p>&nbsp;<\/p>\n<p>&nbsp;<\/p>\n<p>&nbsp;<\/p>\n<p>&nbsp;<\/p>\n<p>&nbsp;<\/p>\n<p>&nbsp;<\/p>\n<p>&nbsp;<\/p>\n<p>&nbsp;<\/p>\n<p>&nbsp;<\/p>\n<p>&nbsp;<\/p>\n<p>&nbsp;<\/p>\n<p>&nbsp;<\/p>\n","protected":false},"excerpt":{"rendered":"<p>Vil du v\u00e6re en Gjertrudvenn? Vi \u00f8nsker oss aktive og passive Gjertrudvenner over hele landet, men sp\u00f8rsm\u00e5let er: Hvilken tilknytting \u00f8nsker du \u00e5 ha? A) Man regnes som \u00abpassiv\u00bb (men like fullt viktig) Gjertrudvenn n\u00e5r man f\u00f8lger p\u00e5 Facebook B) Man kan n\u00e5 (nytt i mai 2018) bli Stedskontakt C) Man kan v\u00e6re med i [&hellip;]<\/p>\n","protected":false},"author":1880,"featured_media":0,"parent":0,"menu_order":0,"comment_status":"open","ping_status":"open","template":"","meta":[],"_links":{"self":[{"href":"http:\/\/gjertrudvennene.isay.no\/index.php?rest_route=\/wp\/v2\/pages\/143"}],"collection":[{"href":"http:\/\/gjertrudvennene.isay.no\/index.php?rest_route=\/wp\/v2\/pages"}],"about":[{"href":"http:\/\/gjertrudvennene.isay.no\/index.php?rest_route=\/wp\/v2\/types\/page"}],"author":[{"embeddable":true,"href":"http:\/\/gjertrudvennene.isay.no\/index.php?rest_route=\/wp\/v2\/users\/1880"}],"replies":[{"embeddable":true,"href":"http:\/\/gjertrudvennene.isay.no\/index.php?rest_route=%2Fwp%2Fv2%2Fcomments&post=143"}],"version-history":[{"count":59,"href":"http:\/\/gjertrudvennene.isay.no\/index.php?rest_route=\/wp\/v2\/pages\/143\/revisions"}],"predecessor-version":[{"id":831,"href":"http:\/\/gjertrudvennene.isay.no\/index.php?rest_route=\/wp\/v2\/pages\/143\/revisions\/831"}],"wp:attachment":[{"href":"http:\/\/gjertrudvennene.isay.no\/index.php?rest_route=%2Fwp%2Fv2%2Fmedia&parent=143"}],"curies":[{"name":"wp","href":"https:\/\/api.w.org\/{rel}","templated":true}]}}