{"id":91,"date":"2012-05-18T19:29:06","date_gmt":"2012-05-18T19:29:06","guid":{"rendered":"http:\/\/gjertrudvennene.isay.no\/?page_id=91"},"modified":"2018-05-19T10:40:00","modified_gmt":"2018-05-19T10:40:00","slug":"om-gv","status":"publish","type":"page","link":"http:\/\/gjertrudvennene.isay.no\/?page_id=91","title":{"rendered":"Om GV"},"content":{"rendered":"<div><strong>Om <em>Gjertrudvennene<\/em><\/strong><\/div>\n<div><em>Gjertrudvennene<\/em> er et nettverk best\u00e5ende av mennesker som \u00f8nsker \u00e5 bidra, n\u00e5r det ved livets slutt tas avskjed med den som ikke har et nettverk. Det er heldigvis ikke s\u00e5 ofte, men det skjer at et menneske verken har slekt, venner eller bekjente til \u00e5 f\u00f8lge under gravferden eller urnenedsettelsen. Mediene har fortalt om mange skjebner, og slike oppslag er trist lesning.<\/div>\n<div>\n<p><em>Gjertrudvennene<\/em>\u00a0synes ikke at noe menneske skal m\u00e5tte si farvel til denne verden alene. Vi har derfor som m\u00e5l \u00e5 v\u00e6re til stede i kapellet og v\u00e6re en venn for den som ingen har. Vi ser p\u00e5 oss selv som en representant for samfunnet, og v\u00e5r hovedoppgave er tilstedev\u00e6relse. I visse tilfeller, n\u00e5r forretter\/byr\u00e5 ber om det, kan <em>Gjertrudvennene<\/em> ogs\u00e5 v\u00e6re til hjelp med \u00e5 b\u00e6re kisten, eller p\u00e5 annet vis bidra til \u00e5 skape en god, personlig og verdig avslutning.<\/p><script type=\"text\/javascript\"><!--\r\ngoogle_ad_client = \"ca-pub-6441968085281526\";\r\n\/* Annonser p\u00e5 gamle blogger liten *\/\r\ngoogle_ad_slot = \"5387826424\";\r\ngoogle_ad_width = 468;\r\ngoogle_ad_height = 60;\r\n\/\/-->\r\n<\/script>\r\n<script type=\"text\/javascript\"\r\nsrc=\"http:\/\/pagead2.googlesyndication.com\/pagead\/show_ads.js\">\r\n<\/script>\n<p>Vi mener at det enkelte menneske m\u00e5 bli sett og verdsatt i levende live, men ogs\u00e5 n\u00e5r et liv er ved veis ende. For alle mennesker har hatt et unikt liv og fortjener den respekt at det snakkes om, vises oppmerksomhet og huskes n\u00e5r livet tar slutt.<\/p>\n<p>I stor grad er kommunale gravferder\u00a0et byfenomen, spesielt i Oslo.\u00a0 Hvert \u00e5r blir det her arrangert rundt 100 slike gravferder. Nesten alle er bisettelser.<\/p>\n<p>Vanligvis vil det heldigvis finnes familie og venner som samles ved et d\u00f8dsfall. N\u00e5r skjebnen vil det annerledes, vil\u00a0<em>Gjertrudvennene <\/em>fors\u00f8ke \u00e5 v\u00e6re til stede. Det kan v\u00e6re at en forretter, et menighetskontor, helsepersonell eller et begravelsesbyr\u00e5 tar kontakt med <em>Gjertrudvennene<\/em> n\u00e5r man \u00f8yner at det blir en avskjed uten familie eller venner. Da stiller vi opp.<\/p>\n<p><em>GV<\/em> har ingen \u00f8konomi. Ingen hjelpere mottar godtgj\u00f8relse. <em>Gjertrudvennene<\/em> er ikke religi\u00f8st basert, men vektlegger menneskeverdet.<\/p>\n<\/div>\n","protected":false},"excerpt":{"rendered":"<p>Om Gjertrudvennene Gjertrudvennene er et nettverk best\u00e5ende av mennesker som \u00f8nsker \u00e5 bidra, n\u00e5r det ved livets slutt tas avskjed med den som ikke har et nettverk. Det er heldigvis ikke s\u00e5 ofte, men det skjer at et menneske verken har slekt, venner eller bekjente til \u00e5 f\u00f8lge under gravferden eller urnenedsettelsen. Mediene har fortalt [&hellip;]<\/p>\n","protected":false},"author":1880,"featured_media":0,"parent":0,"menu_order":0,"comment_status":"open","ping_status":"open","template":"","meta":[],"_links":{"self":[{"href":"http:\/\/gjertrudvennene.isay.no\/index.php?rest_route=\/wp\/v2\/pages\/91"}],"collection":[{"href":"http:\/\/gjertrudvennene.isay.no\/index.php?rest_route=\/wp\/v2\/pages"}],"about":[{"href":"http:\/\/gjertrudvennene.isay.no\/index.php?rest_route=\/wp\/v2\/types\/page"}],"author":[{"embeddable":true,"href":"http:\/\/gjertrudvennene.isay.no\/index.php?rest_route=\/wp\/v2\/users\/1880"}],"replies":[{"embeddable":true,"href":"http:\/\/gjertrudvennene.isay.no\/index.php?rest_route=%2Fwp%2Fv2%2Fcomments&post=91"}],"version-history":[{"count":21,"href":"http:\/\/gjertrudvennene.isay.no\/index.php?rest_route=\/wp\/v2\/pages\/91\/revisions"}],"predecessor-version":[{"id":829,"href":"http:\/\/gjertrudvennene.isay.no\/index.php?rest_route=\/wp\/v2\/pages\/91\/revisions\/829"}],"wp:attachment":[{"href":"http:\/\/gjertrudvennene.isay.no\/index.php?rest_route=%2Fwp%2Fv2%2Fmedia&parent=91"}],"curies":[{"name":"wp","href":"https:\/\/api.w.org\/{rel}","templated":true}]}}